{"id":4797,"date":"2015-11-25T07:32:54","date_gmt":"2015-11-25T07:32:54","guid":{"rendered":"http:\/\/smartyschool.stylemixthemes.com\/?page_id=21"},"modified":"2026-03-02T11:07:37","modified_gmt":"2026-03-02T10:07:37","slug":"a-propos","status":"publish","type":"page","link":"https:\/\/lescanaillousn.com\/?page_id=4797","title":{"rendered":"A propos"},"content":{"rendered":"<div class=\"wpb-content-wrapper\"><p>[vc_row full_width=&#8221;stretch_row&#8221; css=&#8221;.vc_custom_1475151838273{margin-top: -7px !important;padding-top: 35px !important;padding-bottom: 50px !important;background-color: #fff9f2 !important;}&#8221;][vc_column width=&#8221;1\/2&#8243;][stm_title title=&#8221;\u00c0 propos de nous&#8221; title_margin_b=&#8221;26px&#8221;][\/stm_title][vc_column_text css=&#8221;&#8221;]Aujourd\u2019hui implant\u00e9e sur plusieurs sites \u00e0 Dakar (Mamelles, Almadies, Maristes, Cit\u00e9 Keur Gorgui), l\u2019\u00e9cole propose un mod\u00e8le hybride, combinant les programmes s\u00e9n\u00e9galais et fran\u00e7ais, avec une p\u00e9dagogie moderne inspir\u00e9e des m\u00e9thodes Montessori, Freinet et Singapour.<\/p>\n<p>De la cr\u00e8che \u00e0 l\u2019\u00e9l\u00e9mentaire, nous offrons un enseignement individualis\u00e9, un \u00e9veil artistique riche (danse africaine, classique, musique), et une attention particuli\u00e8re \u00e0 l\u2019inclusion des enfants vivant avec un handicap, v\u00e9ritable marqueur de leur engagement citoyen.<\/p>\n<p>&nbsp;[\/vc_column_text][\/vc_column][vc_column width=&#8221;1\/2&#8243; css=&#8221;.vc_custom_1475215424413{padding-top: 65px !important;padding-left: 55px !important;}&#8221; offset=&#8221;vc_hidden-xs&#8221;][stm_slider buttons_on_slider=&#8221;true&#8221;][stm_slider_item img_id=&#8221;5061&#8243; img_size=&#8221;500&#215;376&#8243;][stm_slider_item img_id=&#8221;4893&#8243; img_size=&#8221;500&#215;376&#8243;][\/stm_slider][\/vc_column][\/vc_row][vc_row][vc_column][\/vc_column][\/vc_row][vc_row css=&#8221;.vc_custom_1475589360749{margin-bottom: 70px !important;}&#8221;][vc_column css_animation=&#8221;zoomIn&#8221;][stm_title title_align=&#8221;center&#8221; title=&#8221;Nos valeurs fondamentales&#8221; title_margin_b=&#8221;31px&#8221;][\/stm_title][vc_row_inner][vc_column_inner width=&#8221;1\/2&#8243; offset=&#8221;vc_col-lg-3 vc_col-md-6 vc_col-xs-12&#8243; css=&#8221;.vc_custom_1475589305430{margin-bottom: 30px !important;}&#8221;][stm_action_box text_alignment=&#8221;center&#8221; cta_bg_color=&#8221;custom&#8221; cta_text_color=&#8221;yellow&#8221; img_id=&#8221;4940&#8243; title=&#8221;Bienveillance&#8221; action_box_link=&#8221;|||&#8221; content_color_custom=&#8221;#dd9933&#8243; content_bg_color_custom=&#8221;#E1007B&#8221; css=&#8221;.vc_custom_1769988369429{padding-top: 0px !important;padding-right: 0px !important;padding-bottom: 0px !important;padding-left: 0px !important;}&#8221;]Chaque enfant est accueilli avec respect, \u00e9coute et douceur. Nous cr\u00e9ons un climat s\u00e9curisant o\u00f9 chacun se sent aim\u00e9.[\/stm_action_box][\/vc_column_inner][vc_column_inner width=&#8221;1\/2&#8243; offset=&#8221;vc_col-lg-3 vc_col-md-6 vc_col-xs-12&#8243; css=&#8221;.vc_custom_1475589313158{margin-bottom: 30px !important;}&#8221;][stm_action_box text_alignment=&#8221;center&#8221; cta_bg_color=&#8221;custom&#8221; cta_text_color=&#8221;yellow&#8221; img_id=&#8221;4942&#8243; title=&#8221;\u00c9panouissement&#8221; action_box_link=&#8221;|||&#8221; content_color_custom=&#8221;#dd9933&#8243; content_bg_color_custom=&#8221;#0194AA&#8221;]Nous favorisons le d\u00e9veloppement global de l\u2019enfant \u00e0 travers, la cr\u00e9ativit\u00e9 et les activit\u00e9s \u00e9ducatives.[\/stm_action_box][\/vc_column_inner][vc_column_inner width=&#8221;1\/2&#8243; offset=&#8221;vc_col-lg-3 vc_col-md-6 vc_col-xs-12&#8243; css=&#8221;.vc_custom_1475589322878{margin-bottom: 30px !important;}&#8221;][stm_action_box text_alignment=&#8221;center&#8221; cta_bg_color=&#8221;custom&#8221; cta_text_color=&#8221;yellow&#8221; img_id=&#8221;4941&#8243; title=&#8221;Respect et Vivre-ensemble&#8221; action_box_link=&#8221;|||&#8221; content_color_custom=&#8221;#dd9933&#8243; content_bg_color_custom=&#8221;#F39300&#8243;]Nous cultivons le respect mutuel, le partage et la solidarit\u00e9 afin de devenir des citoyens responsables et bienveillants.[\/stm_action_box][\/vc_column_inner][vc_column_inner width=&#8221;1\/2&#8243; offset=&#8221;vc_col-lg-3 vc_col-md-6 vc_col-xs-12&#8243; css=&#8221;.vc_custom_1475589328742{margin-bottom: 30px !important;}&#8221;][stm_action_box text_alignment=&#8221;center&#8221; cta_bg_color=&#8221;custom&#8221; cta_text_color=&#8221;yellow&#8221; img_id=&#8221;4944&#8243; title=&#8221;Excellence \u00e9ducative&#8221; action_box_link=&#8221;|||&#8221; content_color_custom=&#8221;#dd9933&#8243; content_bg_color_custom=&#8221;#C1D462&#8243;]Les Canaillous s\u2019engagent \u00e0 offrir une \u00e9ducation de qualit\u00e9 alliant rigueur acad\u00e9mique et p\u00e9dagogie active.[\/stm_action_box][\/vc_column_inner][\/vc_row_inner][\/vc_column][\/vc_row]<\/p>\n<\/div>","protected":false},"excerpt":{"rendered":"<p>[vc_row full_width=&#8221;stretch_row&#8221; css=&#8221;.vc_custom_1475151838273{margin-top: -7px !important;padding-top: 35px !important;padding-bottom: 50px !important;background-color: #fff9f2 !important;}&#8221;][vc_column width=&#8221;1\/2&#8243;][stm_title title=&#8221;\u00c0 propos de nous&#8221; title_margin_b=&#8221;26px&#8221;][\/stm_title][vc_column_text css=&#8221;&#8221;]Aujourd\u2019hui implant\u00e9e sur plusieurs sites \u00e0 Dakar (Mamelles, Almadies, Maristes, Cit\u00e9 Keur Gorgui), l\u2019\u00e9cole propose un mod\u00e8le hybride, combinant les programmes s\u00e9n\u00e9galais et fran\u00e7ais, avec une p\u00e9dagogie moderne inspir\u00e9e des m\u00e9thodes Montessori, Freinet et Singapour. De la cr\u00e8che [&hellip;]<\/p>\n","protected":false},"author":1,"featured_media":0,"parent":0,"menu_order":0,"comment_status":"closed","ping_status":"closed","template":"","meta":{"footnotes":""},"class_list":["post-4797","page","type-page","status-publish","hentry"],"_links":{"self":[{"href":"https:\/\/lescanaillousn.com\/index.php?rest_route=\/wp\/v2\/pages\/4797","targetHints":{"allow":["GET"]}}],"collection":[{"href":"https:\/\/lescanaillousn.com\/index.php?rest_route=\/wp\/v2\/pages"}],"about":[{"href":"https:\/\/lescanaillousn.com\/index.php?rest_route=\/wp\/v2\/types\/page"}],"author":[{"embeddable":true,"href":"https:\/\/lescanaillousn.com\/index.php?rest_route=\/wp\/v2\/users\/1"}],"replies":[{"embeddable":true,"href":"https:\/\/lescanaillousn.com\/index.php?rest_route=%2Fwp%2Fv2%2Fcomments&post=4797"}],"version-history":[{"count":5,"href":"https:\/\/lescanaillousn.com\/index.php?rest_route=\/wp\/v2\/pages\/4797\/revisions"}],"predecessor-version":[{"id":5062,"href":"https:\/\/lescanaillousn.com\/index.php?rest_route=\/wp\/v2\/pages\/4797\/revisions\/5062"}],"wp:attachment":[{"href":"https:\/\/lescanaillousn.com\/index.php?rest_route=%2Fwp%2Fv2%2Fmedia&parent=4797"}],"curies":[{"name":"wp","href":"https:\/\/api.w.org\/{rel}","templated":true}]}}